et w(o) = -4*o**2 - 2*o + 4. Let l be w(-3). Let a = l + 29. Let x(z) = a*z - 4*z + 2*z + 0*z. Determine x(-2).
-2
Let w(u) = -u. Let b(i) = 2*i + 2. Let k(t) = -2*b(t) - 6*w(t). Let z be k(3). Let l(x) = -1 - 1 - 2*x - z*x**2 + 1. Calculate l(-2).
-5
Let x = 6 + -3. Suppose x*c - 9 = -5*i + 31, -2*c + 2*i = 0. Let b(k) = 13 - 2 - 5 - 5*k + 0 + k**2 - 2. Give b(c).
4
Suppose 2*s - 143 = -2*x - 27, 2*x + 4 = 0. Suppose 23*w - s = 20*w. Let a be 5/w*4 - -1. Let t(z) = 8*z. Determine t(a).
16
Let b be 4/2 + -5 + 3. Suppose 2*y - 10 = -3*y. Let l(j) = 7 - 3*j**3 + 0*j**3 - j**2 + y*j**3. Determine l(b).
7
Let j = -2420 - -14527/6. Let h(z) be the third derivative of -1/60*z**5 + 0*z + 5/24*z**4 - j*z**3 + 0 - 3*z**2. Determine h(6).
-13
Let w be (-1)/(4/64*-2). Let r(t) = 0*t**3 + 5*t + 4*t**3 - 3*t**3 + 4 - w*t**2 + 0*t**3. Calculate r(7).
-10
Let y(l) be the first derivative of l**3/3 + l**2 - 3*l + 97. What is y(-4)?
5
Suppose -11*i - 5*n = -15*i + 26, -4*n = 2*i. Let g(y) be the third derivative of 0 + 1/24*y**i - 8*y**2 + y**3 - 1/120*y**6 + 0*y + 1/12*y**5. What is g(5)?
11
Let d be 20/(-60)*(3 + 6). Let g(y) = y**3 + y**2 - y + 1. What is g(d)?
-14
Let v = 0 - 1. Suppose -z = -3 + 1. Let w(o) = o**2 - 5 + 4 + z. What is w(v)?
2
Let x(i) = 1 + 3 - 3*i + 4 - 1. Calculate x(-6).
25
Let j be (-2)/9 + 130/18. Let k(l) = -l**3 - 4*l**2 + j + 8*l - 5*l + 4*l + 0*l**2. What is k(-5)?
-3
Let v = -4 + 5. Suppose -4*y - 5 = -v. Let r(n) = -n + 1 + n**3 + 4*n**3 + 3*n - 14*n**3 + 2*n**2. Give r(y).
10
Suppose 5*q - 7 = b, -15*q - 16 = -17*q - 4*b. Let g(l) = -3*l + 9. Determine g(q).
3
Let i(o) be the third derivative of -o**6/120 - o**3/6 + 25*o**2 - 2. Let q = -16 + 14. Calculate i(q).
7
Let c(m) = -7*m - 3. Let z(w) = 36*w + 15. Let x(l) = 11*c(l) + 2*z(l). Let n = -12 + 19. Let a be 2/n - 16/7. What is x(a)?
7
Let g(q) = -2*q**3 + 15*q**2 + q + 58. Let p be g(8). Let l(d) = -3*d + 5. Give l(p).
-1
Let r(l) = -l**2 + 1. Let y(z) = z**3 - 3*z - 3. Let j(t) = 6*r(t) + y(t). Suppose -8*q = -10*q + 12. Give j(q).
-15
Let j(r) = -1. Let c(n) be the second derivative of n**3/2 - 5*n**2/2 + 11*n. Let l(i) = -c(i) - 2*j(i). Calculate l(6).
-11
Let f = 31 + -22. Let l(s) = -6*s - 1 + f*s**3 + 10*s - 2*s - 2*s**2. Determine l(1).
8
Let i(t) be the third derivative of -t**4/6 - 7*t**3/6 + 474*t**2. What is i(-7)?
21
Let a(r) = 3*r - 6. Let l(h) = h**3 - 5*h**2 - 6*h + 1. Let n be l(6). Let v be 1 - (n - 1)/1. Suppose 2*q - v = -d, d - 2*q + 5 = -7*q. Give a(d).
9
Let a(u) be the third derivative of -u**4/24 + 8*u**3/3 + 127*u**2. Calculate a(7).
9
Let q = -14 - -18. Suppose -25 = q*t - 9*t, -3*i + t = 17. Let k(h) = h**3 + 3*h**2 - h + 1. Calculate k(i).
-11
Let r(v) = -v**3 + 4*v**2 - 2*v + 2. Suppose -11 = -5*x + 9. Suppose x = -l + 6. Determine r(l).
6
Suppose -8*v + 2*v = 216. Let i = 35 + v. Let l(j) = -19*j - 1. Determine l(i).
18
Let h(o) = o**3 + 5*o**2 + 3*o + 2. Let u = 120 + -116. Suppose -3*l + l = u. Give h(l).
8
Let s(h) = 4*h - 10 + 6 - 2*h + 2. What is s(7)?
12
Let t = 6 - 2. Let c(x) = -x + 2. Let d(n) = -4*n + 7. Let g(k) = 5*c(k) - d(k). Let s(i) = -3*i + 9. Let r(a) = 17*g(a) - 6*s(a). Calculate r(t).
1
Let q(u) = -2*u**2 - u + 4. Let w be 1/(-6) - 11*4/24. Determine q(w).
-2
Let w(q) be the second derivative of q**3/6 + 7*q**2/2 - q - 184. What is w(-5)?
2
Let d(s) = -2*s**2 - 6*s. Suppose -x = 2*u - 3, -x + 8 = 3*u - 3*x. Suppose 5*r - 14 = a, -8 - 8 = 5*a + u*r. Calculate d(a).
-8
Let i(d) be the first derivative of 3*d**2/2 + 9*d + 50. Determine i(-6).
-9
Let p = -1249 + 1254. Let b(u) be the third derivative of 1/6*u**4 + 0*u**3 + 0 + 6*u**2 + 0*u - 1/120*u**6 - 1/20*u**p. Determine b(-4).
0
Let p = 3 + -2. Let t(d) = -d**2 - 4536726*d + 4536726*d. Determine t(p).
-1
Let t(r) = 5*r - 10. Let o be t(2). Let c(z) = -z**3 + z**2 - z + 2. Give c(o).
2
Let u(f) = -f**3 - 3*f**2 + f - 5. Let p be u(0). Let z(j) = -j**2 - 3*j + 5. Let q(k) = k**2 + 3*k - 5. Let v(h) = 5*q(h) + 4*z(h). Calculate v(p).
5
Let z = 10 + -17. Let t(u) = 5*u**3 + 15*u + 3. Let v(a) = -a**3 - a**2 - a + 1. Let p(w) = t(w) + 6*v(w). Calculate p(z).
-5
Let l(t) be the first derivative of t**5/120 + t**4/3 + t**3/3 + 16*t + 13. Let w(c) be the third derivative of l(c). Give w(0).
8
Let r(n) be the first derivative of 3*n**2/2 + 8*n - 65. Let g be (88/(-6))/(2/(-3)). Suppose -2*m + 0*m - 4 = 0, 4*u = m - g. Calculate r(u).
-10
Let x(o) = 2*o - 4. Let q(h) be the third derivative of h**3/6 + 12*h**2. Let r(g) = -3*q(g) - x(g). What is r(3)?
-5
Suppose 0 = -2*b - 3*i - 6 - 6, 2*i + 8 = 0. Let q(m) = 2*m - 1 + 4 - 7 + b. Give q(-3).
-10
Suppose -2*y = y - 24. Let c = -16 + y. Let x(b) = -b - 5. Let v be x(c). Let a(m) = -m**3 + 2*m**2 + 2*m - 3. What is a(v)?
-6
Let i(n) = 6*n - 27 + 69 - 8 - n. Give i(-7).
-1
Let y(h) = -3*h. Let m(u) = 11*u**3 - u**2 + 1. Let b be m(-1). Let d(g) = 2*g + 20. Let q be d(b). Determine y(q).
6
Let s(x) = x**2 + 33*x + 145. Let w be s(-28). Let a(j) = -j**2 + j + 13. Give a(w).
-7
Let z(h) be the first derivative of 8 + 4*h**2 + 1/3*h**3 - 3*h. Give z(-8).
-3
Let b(s) = 3*s - 6. Let y be ((-2)/(-3))/(62/(-15) - -4). What is b(y)?
-21
Let o(b) = -5*b + 22. Let h(c) = -2*c + 8. Let v(u) = 7*h(u) - 3*o(u). Give v(9).
-1
Let a(m) = -1. Let f(d) = -d + 14. Let q(j) = -6*a(j) - f(j). Suppose 243 = 31*b - 4*b. Calculate q(b).
1
Let a = 56 + -42. Suppose -12*t = -a*t + 2. Let y(g) = -10*g**3 - 4*g**2 + 4*g + 7. Let b(f) = f**3 + f**2 - f - 1. Let w(p) = 6*b(p) + y(p). Determine w(t).
-3
Let f(q) be the third derivative of -1/2*q**3 + 0*q + 0 + 1/24*q**4 - 35*q**2. Calculate f(-8).
-11
Let m be ((-15)/6)/((-1)/2). Let r(t) be the third derivative of t**5/120 - t**4/8 + 7*t**3/6 + 8*t**2. Let x(g) be the first derivative of r(g). What is x(m)?
2
Let c(a) = -a**3 + 10*a**2 + 14*a - 2. Let i = 533 - 522. Calculate c(i).
31
Let j(i) = -i**2 + 3*i - 4. Let g be -2*(-3)/6*1. Let o be j(g). Let m(k) = 5*k + 3. Calculate m(o).
-7
Let q be -1 - (6/2 - 24/12). Let m(t) = -t**3 - 2*t**2 - 3*t - 3. What is m(q)?
3
Let r be 2/(-6) + 4/(-6). Let n(j) be the second derivative of -j**5/20 + j**4/24 - 2*j**3/3 - 19*j. Let b(m) be the second derivative of n(m). What is b(r)?
7
Let j(t) = 3*t**3 + 4*t**2 - 4*t. Let b(z) = -z**3 - z**2 + z + 1. Let x(c) = 4*b(c) + j(c). Determine x(4).
-60
Let b = 26 + -10. Suppose -6*w + w + 2*n = b, 0 = w + 5*n - 13. Let f(y) = y**2 - y - 2. Determine f(w).
4
Let b(i) = -i**3 + 6*i**2 - 2*i + 7. Let z be ((-4 - 5) + 7)*5/(-2). Calculate b(z).
22
Let x(c) = 5*c**2 + 5. Let d(k) = k**2 + 1. Let v(n) = 9*d(n) - 2*x(n). Let f be -7*2/8*-4. Suppose -2*r - 3*y + 17 = 2*y, 4*y - f = 5*r. Give v(r).
-2
Suppose 31 = 3*s + 4*h, -4*s + 4*h + 29 = 25. Let o(f) = -f**2 + f + 5. What is o(s)?
-15
Suppose 0 = -2*c + i + 5, 4*c + 8 = 7*c - i. Suppose 24 = -c*v + 3*b, -4*v = 3*b + 18 - 0. Let t(u) = -2*u + 3 + u + 0*u. What is t(v)?
9
Let t(o) = 3. Let x(h) = h - 9. Let p(d) = -7*t(d) - 2*x(d). Let g be (-36)/(-16) - 2/8. Let j be -6*(g/4 - 0). Give p(j).
3
Let x(v) = -11*v**2 + 17*v - 6. Let z(l) = 5*l**2 - 8*l + 3. Let i(d) = -6*x(d) - 13*z(d). Let a be (-9)/(-21) - 93/21. Determine i(a).
5
Suppose y = -0*y + 3. Let l be y + ((-8)/2 - -3). Let t(c) = 4*c**3 - 3*c**3 + 7*c + 3 - 7 - 7*c**l. Give t(6).
2
Let j(c) = 11*c - 4. Let v be j(1). Let l(i) = -i - 1. Calculate l(v).
-8
Let h(n) = -n**3 + 8*n**2 - 6*n - 4. Let b be (28 - 6)/(1/1). Let o = b - 17. Suppose o*c - 5*v - 6 - 24 = 0, 2*v - 2 = 0. What is h(c)?
3
Let a(m) = 2*m - 3. Let l(c) = 4*c**2 + 2*c. Suppose 4*b - 3*b + 6 = -5*n, 0 = n - 2*b + 10. Let y be l(n). Suppose 10*d - 13*d - y = 0. What is a(d)?
-11
Suppose 2*z = 4*z. Let v = -6 + z. Let n(j) = 35*j**3 + 3 + 4*j - 5*j**2 - 10*j**3 - 26*j**3 + 6*j - 4*j. What is n(v)?
3
Let v(c) = c + 1 - 7*c**3 - 29*c**2 - 5*c**2 - c**3 + 32*c**2. What is v(1)?
-8
Let k(o) be the third derivative of -o**7/5040 + o**6/36 - 13*o**5/30 + 4*o**2. Let f(c) be the third derivative of k(c). Determine f(0).
20
Let t(r) be the second derivative of 1/2*r**2 + 9*r - 1/20*r**5 + 0 + 1/3*r**3 + 1/6*r**4. Determine t(3).
-2
Let l(n) = 2*n**3 + 9*n**2 - 6*n + 3. Let d(k) = 3*k**3 + 10*k**2 - 7*k + 4. Let o(q) = 5*d(q) - 6*l(q). Calculate o(2).
12
Let k(h) = h**2 